f 40 and 56.
8
Calculate the highest common divisor of 4887 and 27.
27
Calculate the greatest common factor of 145 and 1131.
29
Calculate the greatest common factor of 498 and 1162.
166
Calculate the highest common factor of 18995 and 145.
145
Calculate the greatest common factor of 196 and 833.
49
What is the greatest common divisor of 1027 and 79?
79
Calculate the highest common factor of 486 and 126.
18
What is the greatest common divisor of 4494 and 420?
42
What is the greatest common factor of 1048 and 17554?
262
Calculate the highest common factor of 4860 and 60.
60
Calculate the greatest common factor of 98 and 147.
49
What is the greatest common divisor of 273 and 2247?
21
What is the greatest common divisor of 1428 and 1092?
84
Calculate the highest common factor of 12 and 24.
12
What is the greatest common divisor of 32594 and 86?
86
Calculate the highest common divisor of 2928 and 32.
16
What is the greatest common divisor of 28 and 2114?
14
What is the greatest common factor of 3429 and 54?
27
What is the highest common factor of 676 and 16?
4
Calculate the highest common divisor of 12220 and 78.
26
Calculate the highest common divisor of 2720 and 510.
170
Calculate the greatest common divisor of 29 and 928.
29
Calculate the greatest common factor of 210 and 5490.
30
What is the greatest common factor of 2412 and 162?
18
Calculate the greatest common divisor of 2107 and 43.
43
What is the greatest common factor of 39 and 91?
13
What is the highest common factor of 420 and 756?
84
Calculate the greatest common factor of 82 and 7585.
41
Calculate the greatest common factor of 3289 and 91.
13
Calculate the highest common factor of 86 and 2279.
43
What is the highest common factor of 153 and 2958?
51
Calculate the highest common divisor of 404 and 3737.
101
Calculate the highest common factor of 39 and 208.
13
Calculate the highest common factor of 120 and 4630.
10
What is the highest common factor of 490 and 10?
10
Calculate the highest common factor of 55 and 473.
11
What is the highest common divisor of 231 and 84?
21
What is the greatest common factor of 8192 and 8?
8
Calculate the highest common factor of 56 and 23156.
28
What is the highest common divisor of 4089 and 696?
87
Calculate the highest common factor of 522 and 1653.
87
Calculate the greatest common factor of 2519 and 6183.
229
Calculate the highest common factor of 114 and 9.
3
Calculate the greatest common divisor of 236 and 59.
59
What is the greatest common divisor of 3074 and 58?
58
Calculate the greatest common factor of 14 and 128.
2
Calculate the greatest common factor of 730 and 219.
73
Calculate the highest common divisor of 32 and 18688.
32
What is the highest common factor of 270 and 510?
30
What is the highest common factor of 315 and 112?
7
Calculate the greatest common factor of 12 and 20.
4
What is the highest common factor of 323 and 19?
19
What is the greatest common factor of 4899 and 1491?
213
What is the greatest common divisor of 166 and 14857?
83
What is the highest common divisor of 176 and 22528?
176
Calculate the highest common factor of 294 and 126.
42
What is the highest common divisor of 928 and 4?
4
Calculate the highest common factor of 215 and 344.
43
What is the highest common factor of 111 and 1369?
37
What is the highest common divisor of 648 and 9288?
216
What is the highest common factor of 553 and 2370?
79
Calculate the greatest common divisor of 1730 and 20.
10
What is the greatest common factor of 9 and 363?
3
What is the highest common factor of 31 and 31?
31
What is the highest common factor of 65 and 403?
13
Calculate the greatest common factor of 1247 and 1376.
43
Calculate the highest common divisor of 85 and 15.
5
What is the highest common divisor of 124 and 310?
62
What is the highest common divisor of 341 and 528?
11
What is the highest common factor of 67 and 9313?
67
Calculate the highest common factor of 2604 and 2294.
62
What is the highest common divisor of 9 and 258?
3
Calculate the highest common divisor of 1128 and 18.
6
What is the greatest common factor of 56 and 3598?
14
Calculate the greatest common factor of 856 and 128.
8
What is the greatest common divisor of 275 and 1342?
11
Calculate the greatest common factor of 82 and 5822.
82
What is the highest common factor of 19170 and 540?
270
Calculate the greatest common divisor of 104 and 1016.
8
What is the greatest common factor of 1674 and 54?
54
What is the highest common factor of 91 and 2912?
91
Calculate the greatest common factor of 4888 and 104.
104
Calculate the highest common divisor of 5960 and 40.
40
What is the greatest common factor of 18 and 126?
18
What is the highest common factor of 1485 and 110?
55
Calculate the highest common divisor of 45 and 65.
5
Calculate the greatest common factor of 37 and 22237.
37
Calculate the greatest common factor of 312 and 975.
39
Calculate the highest common divisor of 832 and 39.
13
What is the highest common factor of 81920 and 40?
40
What is the highest common divisor of 108 and 332?
4
Calculate the greatest common divisor of 12419 and 11.
11
What is the greatest common divisor of 66 and 66?
66
What is the highest common divisor of 8 and 1928?
8
Calculate the greatest common factor of 14 and 434.
14
Calculate the highest common divisor of 14151 and 318.
159
Calculate the highest common divisor of 20 and 12830.
10
Calculate the greatest common divisor of 72 and 32.
8
Calculate the highest common divisor of 48 and 384.
48
Calculate the highest common divisor of 9 and 963.
9
What is the greatest common divisor of 110 and 40?
10
Calculate the highest common factor of 520 and 1280.
40
What is the highest common factor of 16 and 1344?
16
What is the highest common divisor of 120 and 55?
5
What is the highest common divisor of 726 and 3872?
242
What is the greatest common divisor of 3589 and 37?
37
What is the highest common factor of 8052 and 132?
132
Calculate the highest common factor of 200 and 180.
20
Calculate the greatest common factor of 6 and 426.
6
What is the highest common divisor of 290 and 350?
10
What is the greatest common factor of 5085 and 15?
15
What is the greatest common factor of 1075 and 275?
25
What is the greatest common divisor of 1010 and 40?
10
Calculate the greatest common factor of 5616 and 2160.
432
Calculate the greatest common factor of 888 and 740.
148
Calculate the greatest common factor of 28 and 77.
7
Calculate the greatest common divisor of 90 and 2070.
90
Calculate the greatest common factor of 48 and 372.
12
What is the highest common divisor of 6340 and 60?
20
Calculate the greatest common divisor of 336 and 532.
28
Calculate the greatest common factor of 8508 and 108.
12
Calculate the greatest common divisor of 207 and 23.
23
What is the highest common divisor of 16 and 343?
1
Calculate the highest common factor of 572 and 36.
4
What is the greatest common divisor of 372 and 12?
12
Calculate the greatest common factor of 380 and 40.
20
What is the greatest common factor of 6794 and 632?
158
What is the greatest common divisor of 645 and 1419?
129
Calculate the greatest common divisor of 116 and 261.
29
Calculate the highest common divisor of 96 and 171.
3
Calculate the greatest common factor of 59 and 6667.
59
Calculate the highest common factor of 206 and 1133.
103
What is the greatest common factor of 64 and 16?
16
Calculate the greatest common factor of 204 and 96.
12
Calculate the highest common divisor of 1185 and 30.
15
Calculate the highest common divisor of 208 and 1417.
13
Calculate the highest common factor of 200 and 150.
50
Calculate the greatest common divisor of 18940 and 20.
20
Calculate the highest common factor of 252 and 280.
28
What is the highest common divisor of 4800 and 1040?
80
Calculate the greatest common factor of 36 and 282.
6
What is the highest common divisor of 566 and 26?
2
What is the highest common factor of 7836 and 12?
12
What is the greatest common divisor of 57 and 3363?
57
Calculate the highest common factor of 174 and 899.
29
Calculate the highest common divisor of 868 and 112.
28
Calculate the highest common factor of 15 and 93.
3
What is the highest common factor of 592 and 259?
37
Calculate the greatest common factor of 41 and